he highest common factor of 2985984 and 16848.
1296
Calculate the highest common divisor of 31242 and 2094.
6
What is the greatest common factor of 980 and 904730?
10
What is the greatest common factor of 12981765 and 18905?
995
What is the highest common factor of 20663484 and 4836?
372
What is the highest common factor of 2337504 and 864?
96
Calculate the greatest common divisor of 1704 and 18284488.
568
Calculate the highest common factor of 502977 and 312475.
431
Calculate the highest common divisor of 22874515 and 41.
41
What is the greatest common factor of 5048224 and 421268?
1748
What is the highest common divisor of 80 and 164262520?
40
Calculate the highest common factor of 1905141 and 18003.
1059
Calculate the highest common factor of 361309 and 65.
13
What is the greatest common factor of 1636404 and 888076?
4508
What is the greatest common factor of 48030500 and 7?
7
What is the highest common factor of 98965270 and 50?
10
Calculate the highest common divisor of 9768814 and 109100.
2182
What is the greatest common divisor of 510 and 12253890?
30
Calculate the greatest common divisor of 2365775810 and 2980.
1490
What is the highest common factor of 45458 and 840106?
34
Calculate the highest common factor of 3296 and 51191.
103
What is the highest common divisor of 15360 and 1485240?
120
Calculate the highest common factor of 10 and 38563410.
10
Calculate the greatest common factor of 38597754 and 234.
78
What is the greatest common divisor of 156804517 and 1465?
293
What is the greatest common factor of 491 and 30182261?
491
What is the greatest common factor of 92910 and 2672445?
285
Calculate the highest common factor of 24885 and 6650.
35
What is the highest common factor of 179938836 and 4203?
4203
What is the highest common divisor of 35970 and 32934?
66
Calculate the greatest common divisor of 5880 and 3482038.
98
What is the highest common factor of 121684633 and 3983?
3983
What is the greatest common factor of 772616 and 2438?
46
What is the highest common factor of 34549070 and 52930?
790
Calculate the highest common factor of 114235 and 7096210.
1705
What is the greatest common divisor of 814 and 283657?
11
What is the highest common factor of 62256 and 123?
3
Calculate the highest common factor of 172886 and 65296.
742
What is the greatest common divisor of 460 and 2571420?
20
What is the highest common factor of 155175912 and 24?
24
What is the highest common divisor of 649 and 124695615?
649
Calculate the greatest common divisor of 202157 and 788949.
1789
Calculate the greatest common divisor of 462 and 480774.
42
What is the greatest common factor of 243 and 141539238?
243
Calculate the highest common divisor of 182919 and 14289.
33
Calculate the greatest common divisor of 14854210 and 7.
7
Calculate the highest common factor of 31720 and 50960620.
1220
What is the highest common divisor of 259475610 and 20?
10
Calculate the greatest common factor of 66 and 103807803.
33
What is the greatest common factor of 17 and 708464579?
17
Calculate the greatest common divisor of 2478684 and 492.
12
What is the greatest common factor of 4961 and 66379?
41
What is the highest common divisor of 30 and 4072730?
10
Calculate the highest common divisor of 843 and 27933929.
281
What is the highest common divisor of 140 and 45903340?
140
What is the highest common divisor of 3143 and 189927?
449
Calculate the greatest common divisor of 1349994 and 11218.
142
What is the greatest common factor of 46 and 193066186?
46
What is the highest common divisor of 176 and 8510504?
8
Calculate the greatest common divisor of 476 and 26311308.
68
What is the greatest common factor of 975 and 11549525?
325
What is the greatest common factor of 19481517 and 132?
33
Calculate the highest common factor of 78532727 and 1443.
13
Calculate the greatest common factor of 215 and 18967730.
215
Calculate the highest common factor of 118012184 and 4467.
1489
Calculate the highest common factor of 164276675 and 755.
755
What is the greatest common divisor of 15860814 and 144729?
3711
Calculate the highest common factor of 91310541 and 43575.
1743
What is the greatest common factor of 38499 and 17930571?
123
Calculate the greatest common divisor of 2940 and 319260.
60
What is the highest common divisor of 34590 and 49181215?
5765
Calculate the greatest common factor of 7213328 and 368.
16
Calculate the highest common factor of 3960 and 4746456.
792
Calculate the highest common factor of 863 and 98967977.
863
Calculate the highest common divisor of 1467940 and 43719.
19
Calculate the greatest common factor of 7985 and 7130.
5
Calculate the greatest common factor of 1138 and 12485567.
569
What is the highest common factor of 4627 and 467683279?
4627
What is the highest common divisor of 61541950 and 46550?
950
What is the greatest common factor of 84851 and 11102?
793
Calculate the highest common divisor of 10764 and 23597172.
828
Calculate the highest common factor of 285 and 113929415.
95
What is the highest common divisor of 7982 and 3428516?
26
Calculate the greatest common divisor of 1406456969 and 23.
23
What is the greatest common divisor of 849605 and 49545?
1835
Calculate the highest common divisor of 197508 and 2356689.
327
What is the greatest common factor of 5186753 and 1033505?
4807
Calculate the greatest common divisor of 276623044 and 1220.
244
What is the highest common divisor of 1216 and 1201376?
32
What is the highest common factor of 36566009 and 6429?
2143
What is the greatest common factor of 59911622 and 116?
58
Calculate the highest common divisor of 6327 and 6558477.
57
Calculate the highest common divisor of 310779110 and 2.
2
Calculate the highest common divisor of 28121485 and 7140.
595
What is the greatest common factor of 25537884 and 60?
12
Calculate the highest common divisor of 3366335 and 35.
35
What is the highest common factor of 15824 and 1708003?
989
What is the greatest common divisor of 14508522 and 565?
113
Calculate the greatest common divisor of 2080304 and 1978.
46
What is the greatest common divisor of 637831100 and 100?
100
Calculate the highest common factor of 190 and 70191320.
190
What is the highest common factor of 16409 and 168543?
61
Calculate the greatest common divisor of 27861 and 1094109.
753
What is the greatest common divisor of 2549075 and 16975?
25
Calculate the greatest common factor of 334 and 162935554.
334
Calculate the greatest common factor of 67449210 and 180.
30
Calculate the greatest common divisor of 10516048 and 848.
848
What is the highest common divisor of 636998 and 151694?
146
Calculate the greatest common factor of 394934 and 404233.
547
What is the greatest common divisor of 958 and 1635375934?
958
Calculate the highest common divisor of 1545 and 37233470.
515
Calculate the greatest common factor of 390504551 and 589.
31
What is the highest common factor of 2019266 and 71936?
562
What is the highest common divisor of 72 and 58374?
18
What is the highest common divisor of 322177 and 9095?
107
Calculate the greatest common factor of 204641294 and 964.
482
What is the greatest common factor of 8496 and 117623108?
236
What is the greatest common factor of 48014676 and 27?
9
Calculate the greatest common factor of 106590 and 1302642.
1122
Calculate the greatest common divisor of 1233 and 28233.
9
Calculate the highest common factor of 221320 and 27720.
440
What is the highest common divisor of 10464 and 34567497?
327
Calculate the highest common factor of 8 and 1985098.
2
Calculate the greatest common divisor of 822 and 422518686.
822
What is the highest common factor of 40861 and 9450163?
1409
What is the greatest common divisor of 774 and 61936254?
774
What is the greatest common divisor of 13603 and 547231?
61
What is the greatest common divisor of 13168179 and 699336?
7947
Calculate the highest common factor of 22474 and 8306.
2
What is the highest common factor of 1197 and 1470011?
19
Calculate the highest common divisor of 10296301 and 1569.
523
What is the highest common factor of 432 and 2283408?
144
What is the highest common factor of 33480 and 311184?
72
Calculate the greatest common factor of 84702897 and 78993.
1179
Calculate the highest common divisor of 361 and 219696297.
